d 120.
12
Let c(u) = u**2 + u - 16. Let g be c(-5). Calculate the greatest common divisor of g and 36.
4
Let i(s) = 38*s - 16. Let v be i(2). Let f(n) = n**2 + 2*n - 4. Let w be f(4). What is the highest common divisor of v and w?
20
Let y be ((-2)/(-1))/(7/21). Calculate the highest common factor of y and 15.
3
Let s be -4 - -3 - (3 - 16). Calculate the highest common factor of s and 108.
12
Suppose 0 = 8*v - 6*v - 440. What is the greatest common divisor of 20 and v?
20
Let a(n) = n**2 - 12*n - 11. Let m be a(13). Let r(l) = l**3 - 2*l**2 + 2*l - 2. Let s be r(m). Calculate the greatest common factor of 1 and s.
1
Let u(x) = -3*x - 17. Let w be u(-7). Suppose -v - 15 = -h + 2*v, 4*h + w*v - 76 = 0. What is the greatest common factor of h and 9?
9
Let q be (-9)/(-3) + 0/(-2). Let o(l) = l**q + 3*l + 0*l - l**2 - 7*l**2 - 8. Let g be o(8). What is the highest common divisor of 2 and g?
2
Let w = 14 - 10. Suppose -2*b + 4*o - 134 = -7*b, -16 = w*o. What is the highest common divisor of b and 6?
6
Let r be (2/1 - 1)*9. Let f be 0 + 35 + (-3)/(-3). Calculate the greatest common divisor of f and r.
9
Suppose 0 = -2*t - o, -5*t - 2*o - 1 - 1 = 0. Let l be t/(-2) - (-6)/3. Let a be 6 - 2/(l + -2). What is the greatest common divisor of a and 44?
4
Let s(g) = -143*g**3 - 2*g**2 + 2*g - 1. Let l be s(1). Let n be (l/(-60))/((-2)/(-15)). Calculate the highest common divisor of 72 and n.
18
Let b(c) = -c**3 + 16*c**2 + 15*c + 37. Let a be b(17). What is the greatest common divisor of a and 69?
3
Let x(g) = -g**3 - 6*g**2 - 5*g. Let s be x(-5). Suppose s = -4*p + 36 + 52. Calculate the highest common divisor of 176 and p.
22
Let f be -3*(-2)/12*6. Suppose -52 = -5*h + f. Let y(l) = 11*l**2 + l - 2. Let r be y(2). What is the greatest common divisor of r and h?
11
Suppose -17*d + 20*d = 51. What is the greatest common factor of d and 136?
17
Suppose -4*k + 29 = 9. Suppose 0*q - k*q = -75. What is the highest common divisor of 10 and q?
5
Let t(w) = -w + 8. Let s be t(6). Suppose s*o - 3*a - 14 = 0, -3*o + a = -9 + 2. Calculate the greatest common factor of 2 and o.
1
Let d be 2/11 - 780/(-66). Let w = 5 + -1. Calculate the greatest common divisor of w and d.
4
Let r(k) = 7*k**3 + k**2 - k + 1. Let h = 9 + -8. Let w be r(h). Calculate the greatest common factor of 56 and w.
8
Suppose 2*z = -2 - 4. Let v(n) = -3*n + 3. Let i be v(z). Let j = i + -3. Calculate the highest common divisor of j and 36.
9
Suppose -t - 2*t + 6 = 0. Suppose 0*l - 4*y = -t*l + 68, 2*y = -l + 30. What is the highest common factor of 80 and l?
16
Let q(l) = l**3 + 4*l**2 - 8*l - 7. Let c be q(-5). Let x be (13 - c)/(1/16). Suppose x = 5*j + 10. Calculate the highest common divisor of j and 21.
7
Suppose 0 = 9*o - 11*o + 84. What is the greatest common divisor of o and 231?
21
Let a(z) be the first derivative of z**3/3 - 11*z**2/2 + 13*z - 2. Let i be a(9). Let m be ((-12)/15)/(2/i). Calculate the highest common factor of 14 and m.
2
Suppose -3*s = -5*r + 10, 0 = -s + 1 + 4. Suppose -r*f + 52 = 3*v, 2*f = 3*f - 3*v + 4. What is the greatest common factor of 72 and f?
8
Suppose 2*p - 95 - 1 = 0. Calculate the greatest common factor of 3 and p.
3
Let w = 20 - 16. What is the greatest common divisor of 36 and w?
4
Suppose 2*p - 4*p = 4*z - 12, 5*p - 10 = -5*z. Suppose -z*q = -7*q + 30. Suppose -68 - 42 = -f. What is the greatest common divisor of q and f?
10
Suppose 3*f + 4*b + 2 = -26, -f = -5*b - 16. Let t = 2 - f. Suppose 5*a = -3*w + 201, 2*a + 3*w - 94 = -19. Calculate the greatest common divisor of a and t.
6
Let x = -98 + 36. Let l = -44 - x. What is the greatest common factor of 27 and l?
9
Suppose -5*j + 4 = -46. Let f(o) = o + 4. Let c be f(-4). Suppose c = -2*w - s - 6 + 30, -3*s = -12. What is the greatest common divisor of w and j?
10
Let p be 1 - (-5)/((-10)/(-6)). Suppose 4*i = -p*m + 32, i - 2*i = -m - 18. Let n be 196/3 - (-2)/(-6). What is the highest common factor of i and n?
13
Suppose 2*t + 3*g = -2*t + 17, 3*t = -4*g + 11. Suppose 5*l + 100 = t*r, -3*l + 4 + 8 = 0. What is the greatest common divisor of r and 72?
24
Let k = -1 + 3. Let b be (-11)/(1*(-1)/(-1)). Let y(i) = -i**3 - 11*i**2 - i - 3. Let t be y(b). Calculate the highest common factor of k and t.
2
Suppose -118*m + 121*m - 210 = 0. What is the greatest common factor of m and 20?
10
Let q = -7 - -12. Suppose 0 = -q*s - 5 - 0. Let x(v) = 5*v**2 + 1. Let t be x(s). What is the greatest common divisor of 66 and t?
6
Let q(y) = y**3 - 8*y**2 + 2*y - 9. Let h be q(8). Suppose h = g - 59. What is the greatest common factor of 165 and g?
33
Let h(q) = -7*q**2 - q + 2. Let u be h(4). Let o = -66 - u. Let c = 17 - 11. What is the greatest common factor of o and c?
6
Let p = 433 - 202. What is the greatest common factor of p and 21?
21
Let d(w) = 2*w**2 - 3*w. Let r be d(3). Calculate the greatest common divisor of r and 27.
9
Let u(m) = m**3 + 3*m**2 - 6*m - 2. Let l be u(-4). Suppose 4*d - l - 6 = 0. What is the highest common divisor of 3 and d?
3
Let r = 17 + -2. Suppose 9 = w + p, 0*w - w = 5*p - 25. Let u be (w*-2)/((-4)/30). What is the greatest common divisor of r and u?
15
Let m = 4 + -4. Let y(s) = -9*s + 0 + m. Let q be y(-1). What is the highest common factor of q and 36?
9
Let v = 203 - 77. Calculate the highest common divisor of 21 and v.
21
Suppose 0 = 5*x - 0*x - 170. Calculate the highest common divisor of x and 272.
34
Suppose 287 = 5*b - 13. Suppose -8*i + i + 84 = 0. What is the greatest common factor of b and i?
12
Let b(o) = -o**3 - 6*o**2 - 4*o + 4. Let p be b(-4). Let d = p - -36. What is the highest common divisor of 6 and d?
6
Suppose 4*n - 65 - 3 = 0. What is the highest common factor of 136 and n?
17
Suppose a = -5*x + 70, 10 + 4 = x - 3*a. Suppose 2*r - r - 14 = 0. What is the greatest common divisor of x and r?
14
Let s(c) = -c - 4. Let i be s(-14). Suppose 3*b - 280 = -b. What is the highest common divisor of i and b?
10
Suppose -w = 2*y - 3*y - 10, 0 = -3*w + 2*y + 28. Let k = w - -4. What is the highest common factor of k and 60?
12
Let k = -14 - -31. Let n = 36 - k. Suppose 4*w + 289 = 5*t, -2*w + 6*w = -2*t + 110. What is the highest common divisor of n and t?
19
Suppose n - 2*n = -2. Suppose 0 = -4*m + n*m + 364. Calculate the greatest common divisor of m and 26.
26
Suppose -g = 5*w - 255 + 64, 5*w = -2*g + 192. Suppose 3*f - 4 - w = 0. What is the highest common divisor of 28 and f?
14
Let w = 56 + 52. Calculate the greatest common divisor of w and 27.
27
Suppose 4*m - 252 - 84 = 0. Calculate the greatest common divisor of 12 and m.
12
Suppose 3*q - o - 199 = 0, 5*q + 3*o + 0*o = 327. Suppose 314 = 4*a - q. What is the greatest common divisor of 38 and a?
19
Suppose 0 = 5*o - 20, -23 = -w - 5*o - 0. Let s(q) = q**2 + q - 2. Let l be s(w). Calculate the greatest common factor of l and 50.
10
Let m be (30/9 - 1/3) + 74. What is the highest common factor of m and 11?
11
Let r = 30 - 26. Calculate the highest common divisor of 20 and r.
4
Suppose -2*u - v + 23 = -9, 5*u - v - 87 = 0. Suppose -3*j = 3*a - 147, 74 = a - 4*j + 15. What is the greatest common divisor of u and a?
17
Suppose -s + 5*n + 12 = -0, -4*s + 5*n + 3 = 0. Let v be 105/9 + (-1)/s. Let y = -77 + 137. Calculate the highest common factor of y and v.
12
Let p = 1 + 6. Let n(k) = k**3 + k**2 - 3 - 4 + p. Let y be n(2). What is the highest common factor of 18 and y?
6
Suppose 0 = -2*p - 2*y + 558 - 114, 891 = 4*p + 3*y. Calculate the greatest common factor of 90 and p.
45
Suppose 0*b - 5*b = 0. Suppose -4*f + 2*g = g + 10, 2*f - 3*g = b. Let k be (14/f)/(4/(-6)). Calculate the greatest common divisor of k and 77.
7
Suppose f - 36 = -f. Let x = 30 - f. What is the highest common divisor of 36 and x?
12
Let v = -20 - -30. What is the highest common divisor of v and 10?
10
Let q(d) = -80*d**3 + d**2 - 1. Let m be q(-1). Calculate the greatest common divisor of 16 and m.
16
Let c(o) = -o**3 + 7*o**2 - 6*o + 2. Let n be c(6). Suppose -i = n*i. Let f be 3*6*(i + 1). Calculate the greatest common divisor of f and 18.
18
Let f = 223 - 151. Calculate the greatest common divisor of 4 and f.
4
Suppose 16 + 0 = 4*f. Suppose 7*p = f*l + 2*p - 869, -5*p + 427 = 2*l. What is the highest common divisor of l and 27?
27
Let l be (-5